+ 7. Let t(r) = r**2 - 8*r + 20. Suppose -6*k + 26 = -4. Let s be t(k). What are the prime factors of g(s)?
2, 11
Let v = 242 + -211. Let l(w) = -w**3 + 32*w**2 - 24*w + 38. What are the prime factors of l(v)?
3, 5, 17
Suppose 0 = -4*g + 8 - 0. Let v be (2 + -4)*g + 22. Suppose 2*s - v = -s. List the prime factors of s.
2, 3
Let w(v) = 157*v**2 + 1412*v + 8508. What are the prime factors of w(-6)?
2, 3, 79
What are the prime factors of 178/(-6)*(-273)/(-52)*(4 + -72)?
7, 17, 89
List the prime factors of (-13987307)/(-1475) - 2/(-25).
3, 29, 109
Suppose 23*i + 476 - 4225 = 0. List the prime factors of (-8)/(1 + -3)*(i - 5).
2, 79
Let g be -5 - -18*4/(-12)*-2. Suppose -g*l = -10*l - 2*w + 1054, -2*w + 702 = 2*l. What are the prime factors of l?
2, 11
Suppose -6 = -2*u + 6, 4*t - 3*u - 113598 = 0. What are the prime factors of t?
2, 3, 263
Let l = -262 + 525. Let g = l + 72. What are the prime factors of g?
5, 67
Let d = 37265 + -24670. List the prime factors of d.
5, 11, 229
Suppose 0 = 15*v - 43 - 137. Suppose v*f = -17*f + 49039. List the prime factors of f.
19, 89
Suppose -2*f + 3*n = -24558, -2*f + 2*n - n + 24554 = 0. List the prime factors of 2/13 + f/143.
2, 43
Let j be (36/(-21))/((-6)/105). Suppose o - 2*p = p + j, -5*o - 4*p = -226. Let b = o - -24. What are the prime factors of b?
2, 3, 11
Let c be 3/7 - 92/(-161). Let r(h) = -7 + 6 - 1 + c - 20*h. What are the prime factors of r(-5)?
3, 11
Suppose -5*y = -2*k - 3200 + 20914, -3*k + 2*y + 26571 = 0. What are the prime factors of k?
17, 521
Let c(n) = -n + 14. Let s be c(12). Let v(j) = -3*j - 24 - 40*j**2 + 53*j**2 + 27. List the prime factors of v(s).
7
List the prime factors of 12*887/(-42)*-7.
2, 887
Let d(o) = -487*o + 10088. What are the prime factors of d(-38)?
2, 17, 29
What are the prime factors of ((-153)/(-255))/(3/76695)?
3, 5113
Let w(a) = -2*a**3 - 9*a**2 - 12*a - 10. Let t be w(-4). Suppose -25*u + t*u = -3*n + 996, 0 = -n - u + 338. What are the prime factors of n?
5, 67
Let m = 176 - 85. Let x be m/35 + 6/(-10) + 0. Suppose x*s = -o + 35, -o = -s - s - 43. List the prime factors of o.
3, 13
Suppose 2*w - 40*u - 22606 = -38*u, 2*u - 45206 = -4*w. List the prime factors of w.
2, 5651
Let s = -32540 - -104738. What are the prime factors of s?
2, 3, 7, 191
Let b(d) = 9*d**2 - 36*d + 177. Let c(n) = -14*n**2 + 54*n - 263. Let i(z) = 8*b(z) + 5*c(z). List the prime factors of i(-16).
17, 53
Suppose 12 = 2*w, -25*f + 27*f - 5*w = 78202. List the prime factors of f.
2, 7, 11, 127
Let m(b) = -4*b**2 - 6 - b + 6 + 0*b**2 - b**3. Let s be m(-4). Suppose 265 = s*h - h - l, 0 = 4*h + 3*l - 349. List the prime factors of h.
2, 11
Let q = 9950 - 8482. What are the prime factors of q?
2, 367
Let n = 36 - 35. Let i be 2 + n*(-60)/3. List the prime factors of (-3)/((i/28)/(-3))*-8.
2, 7
Let p = 87557 + -52495. List the prime factors of p.
2, 47, 373
Let r = -50784 - -99953. What are the prime factors of r?
49169
Let p(z) = 6*z - 12 + z + 6*z. Let o be (-9152)/(-176)*(-2)/(-8). List the prime factors of p(o).
157
Let a(d) = -d - 12. Let r be a(-8). Let t be r + (1 - -4 - -4). Suppose t*l = 4*z - 231, 5*l = 2*z + 2*l - 117. List the prime factors of z.
2, 3
Suppose 16*a = -99*a + 709550. What are the prime factors of a?
2, 5, 617
Let i(p) = 224*p**2 + 117*p + 272. What are the prime factors of i(16)?
2, 11, 13
Suppose -79*w = -620*w + 11852769. What are the prime factors of w?
3, 67, 109
Let r be 1042/12 + 31/186. Suppose 0 = 5*c - 2*v - 2439, c + 3*v - 394 = r. What are the prime factors of c?
487
Let o(n) = -n**3 + 11*n**2 - 4*n + 2. Suppose 0 = 4*s - 34 - 198. Let l = 67 - s. What are the prime factors of o(l)?
2
Let l be 100/(732/(-186) - -4). Let y = -394 + l. Suppose -4*m = -0*m - y. What are the prime factors of m?
17
Let t be (-6)/(-2) + (11 - -79). Let z = 101 - t. Suppose -8*f = z*f - 4464. List the prime factors of f.
3, 31
Let t be 2*1*(-30)/(-12). Let d(x) be the first derivative of x**3/3 + 5*x**2/2 - 4*x - 35. What are the prime factors of d(t)?
2, 23
Let m(x) = -22 + 59*x + 2*x - 108*x. Let z be m(-2). Suppose 0 = 9*h - 1116 + z. List the prime factors of h.
2, 29
Let j = 21 + -19. Suppose -5*q + j*q - 9 = 0, 5*i = -4*q + 143. Suppose r = -4*z + 18 + i, -4*r = 3*z - 235. List the prime factors of r.
61
Let d(t) = -315*t**3 + 62*t**2 + 312*t - 64. What are the prime factors of d(-6)?
2, 4271
Suppose 28*o + 220 = 23*o. Let n be ((-33)/o + (-6)/(-8))*-2. What are the prime factors of (-344 + -1)*n/((-105)/(-14))?
2, 3, 23
Let x be (8/(-5))/(5*(-4)/50). Suppose 5*v = -z + 4 + 1, v = x*z + 22. What are the prime factors of (v/(-5))/(6/(-1650))?
2, 5, 11
Let q(k) = -23*k - 5. Let u be q(-3). Let l = -251 - -231. Let j = l + u. List the prime factors of j.
2, 11
Let w = 1388 + -946. Let s = w - 114. List the prime factors of s.
2, 41
Let l(f) = -4221*f + 442. What are the prime factors of l(-10)?
2, 10663
Let r be 45/15 - (0 + -47). Let f(c) = c**3 + 4*c**2 - 7*c - 7. Let z be f(-5). List the prime factors of (-1 + -1)*r*(2 - z).
2, 5
Suppose v - 3*k = -2*k + 5, -k = 5*v - 19. Let p(j) = j**2 - 30*j + 16*j + 13*j - v. List the prime factors of p(-12).
2, 19
List the prime factors of (-1118)/3354 - (2749/(-3) - 1 - 0).
7, 131
What are the prime factors of (-4)/10*((-36)/(-6) + -2 - 48429)?
2, 5, 13, 149
Suppose 2*p - 129303 = -5*s + p, s + p = 25867. What are the prime factors of s?
19, 1361
Let q = 124 - 120. Suppose q*b + 328 = 5*b + 2*l, -5*l - 1017 = -3*b. What are the prime factors of b?
2, 167
Suppose 27*y - 14*y = -6*y + 201248. What are the prime factors of y?
2, 331
Let j = 70132 + -44330. List the prime factors of j.
2, 7, 19, 97
Let j(i) = i**2 + 8*i + 12. Let n be j(-6). What are the prime factors of (0 - -2)*(10 + n)*4?
2, 5
Suppose -2*q - 3 + 1 = 0. Let b be (-11)/q - (-4 - -5). Let h(x) = -x**3 + 12*x**2 - 4*x + 17. What are the prime factors of h(b)?
3, 59
Suppose 5*c - 27942 = 67*f - 71*f, -4*f - 11188 = -2*c. List the prime factors of c.
2, 5, 13, 43
Let w be (((-588)/(-10))/(-3))/(1/5). Let u = 98 + w. Suppose u = 2*s - 6, 5*l + 60 - 310 = 5*s. List the prime factors of l.
53
Let o = 834 + -549. Let j = 371 + o. List the prime factors of j.
2, 41
Suppose -2*x + 99231 = x - 3*w, 2*x - 66139 = -3*w. Let v = -4654 - x. List the prime factors of (-10)/(-65) + (v/52)/(-3).
2, 11
Let n(x) = -84*x - 382. Let z be n(-5). Suppose 0 = -z*g - 14533 + 41019. List the prime factors of g.
17, 41
Let r be 713 - (1/(-2) - 147/42). Suppose -4*t - 693 - 375 = -3*a, t + r = 2*a. List the prime factors of a.
2, 3, 5
Suppose 17*k = 9015 + 9073. Let t = -712 + k. What are the prime factors of t?
2, 11
Suppose -39*p + 195516 = -52836. What are the prime factors of p?
2, 199
Let v = -275 - -292. Suppose 3*o = v*o - 9114. What are the prime factors of o?
3, 7, 31
Let o be ((-67)/4)/((-3)/12). Suppose 927 = 5*y + m, -5*y + 2*m + 919 = -m. Let x = y - o. What are the prime factors of x?
2, 59
Suppose -s + 6139 = n, 11*n + 5*s = 12*n - 6181. List the prime factors of n.
2, 7, 439
Suppose 694*v - 691*v = 56349. Suppose v = 19*j - 1224. What are the prime factors of j?
3, 13
Suppose -3*w - 2*l = -5*l - 180, -2*l - 64 = -w. Suppose 31*f - 27*f - w = 0. Let n = 111 + f. What are the prime factors of n?
5
Suppose -22 = 7*c + 34. Let x(a) = a**3 + 8*a**2 + a + 6. Let w be x(c). List the prime factors of 0/6 + w - 1*-25.
23
Let g(f) = 32*f**3 - f**2 + f - 1. Let s be g(1). Let d = s + -36. Let c = d - -37. List the prime factors of c.
2
Let d be 3/((-1)/((-4)/30))*-15. Let l be 198/132*((-80)/d)/(-2). What are the prime factors of 47 + l - (1 - -2)?
2, 17
Suppose 0 = -2*f + 5*s + 404, 2*s = -8*f + 3*f + 1010. Let d = -7625 + 7630. Suppose -i + g = -f, d*i = -g - 3*g + 983. What are the prime factors of i?
199
Let m(w) = 29*w. Let g be m(-1). Let i = g - -35. List the prime factors of (48*(-8)/i)/(-2).
2
Let r = -65 - -66. Let a be r/(2/(-6)) + 72/6. Suppose a*t = 7*t + 124. List the prime factors of t.
2, 31
What are the prime factors of 0/((-18)/6) - (4 - -3 - 15122)?
5, 3023
Suppose 395*d - 383*d - 82056 = 0. What are the prime factors of d?
2, 13, 263
Let q be 4 - ((-3)/(-2) + 89994/(-12)). Suppose 10*x + 2262 = q. What are the prime factors of x?
2, 131
Let f = -8094 + 48702. List the pr